{"id":94,"date":"2015-08-01T10:11:09","date_gmt":"2015-08-01T16:11:09","guid":{"rendered":"http:\/\/bioimageneslab.com\/wordpress\/?page_id=94"},"modified":"2015-08-19T09:24:13","modified_gmt":"2015-08-19T15:24:13","slug":"punciones","status":"publish","type":"page","link":"http:\/\/bioimageneslab.com\/wordpress\/punciones\/","title":{"rendered":"PUNCIONES"},"content":{"rendered":"<p><strong>MAMA<\/strong><\/p>\n<p style=\"text-align: justify;\"><strong>PAAF DE MAMA:<\/strong> Es un procedimiento que permite obtener c\u00e9lulas de una lesi\u00f3n mamaria, para ser analizadas en el laboratorio y detectar si un n\u00f3dulo o una lesi\u00f3n de mama es un c\u00e1ncer.<\/p>\n<p style=\"text-align: justify;\">Se realiza con una aguja muy fina en una jeringa montada en soporte met\u00e1lico que facilita la aspiraci\u00f3n de l\u00edquido si la lesi\u00f3n es qu\u00edstica, o c\u00e9lulas, si es s\u00f3lida.<\/p>\n<p style=\"text-align: justify;\">El material obtenido se procesa en el laboratorio para el estudio citol\u00f3gico.<\/p>\n<p style=\"text-align: justify;\">\n<p><strong>TIROIDES<\/strong><\/p>\n<p style=\"text-align: justify;\"><strong>PAAF TIROIDEA: <\/strong>Consiste en obtener una muestra de c\u00e9lulas tiroideas mediante una aguja muy fina para analizar al microscopio y diagnosticar enfermedades o c\u00e1ncer.<\/p>\n<p style=\"text-align: justify;\">Se inserta una aguja muy delicada, obteni\u00e9ndose una peque\u00f1a muestra de tejido o l\u00edquido.<\/p>\n<p style=\"text-align: justify;\">\n<p><strong>PARTES BLANDAS<\/strong><\/p>\n<p style=\"text-align: justify;\"><strong>PAAF DE PARTES BLANDAS: \u00a0<\/strong>Es una\u00a0t\u00e9cnica\u00a0diagn\u00f3stica\u00a0que consiste en\u00a0la\u00a0punci\u00f3n y posterior aspiraci\u00f3n de un determinado tejido mediante el uso de una aguja larga y fina para su an\u00e1lisis posterior. Se realiza de forma ambulatoria para punciones superficiales.<\/p>\n<p style=\"text-align: justify;\">Permite conocer si una determinada alteraci\u00f3n de tejido, es de tipo: inflamatorio infeccioso, tumoral o canceroso.<\/p>\n","protected":false},"excerpt":{"rendered":"<p>MAMA PAAF DE MAMA: Es un procedimiento que permite obtener c\u00e9lulas de una lesi\u00f3n mamaria, para ser analizadas en el laboratorio y detectar si un n\u00f3dulo o una lesi\u00f3n de mama es un c\u00e1ncer. Se realiza con una aguja muy&#8230;<br \/><a class=\"read-more-button\" href=\"http:\/\/bioimageneslab.com\/wordpress\/punciones\/\">Leer m\u00e1s<\/a><\/p>\n","protected":false},"author":1,"featured_media":0,"parent":0,"menu_order":0,"comment_status":"closed","ping_status":"closed","template":"","meta":{"footnotes":""},"class_list":["post-94","page","type-page","status-publish","hentry"],"_links":{"self":[{"href":"http:\/\/bioimageneslab.com\/wordpress\/wp-json\/wp\/v2\/pages\/94","targetHints":{"allow":["GET"]}}],"collection":[{"href":"http:\/\/bioimageneslab.com\/wordpress\/wp-json\/wp\/v2\/pages"}],"about":[{"href":"http:\/\/bioimageneslab.com\/wordpress\/wp-json\/wp\/v2\/types\/page"}],"author":[{"embeddable":true,"href":"http:\/\/bioimageneslab.com\/wordpress\/wp-json\/wp\/v2\/users\/1"}],"replies":[{"embeddable":true,"href":"http:\/\/bioimageneslab.com\/wordpress\/wp-json\/wp\/v2\/comments?post=94"}],"version-history":[{"count":9,"href":"http:\/\/bioimageneslab.com\/wordpress\/wp-json\/wp\/v2\/pages\/94\/revisions"}],"predecessor-version":[{"id":106,"href":"http:\/\/bioimageneslab.com\/wordpress\/wp-json\/wp\/v2\/pages\/94\/revisions\/106"}],"wp:attachment":[{"href":"http:\/\/bioimageneslab.com\/wordpress\/wp-json\/wp\/v2\/media?parent=94"}],"curies":[{"name":"wp","href":"https:\/\/api.w.org\/{rel}","templated":true}]}}